he remainder when 14 is divided by h?
2
Suppose -2*z = y + 2*y - 45, -4*y - 2*z + 60 = 0. Suppose 16*b = 21*b + 5, a - 88 = b. Calculate the remainder when a is divided by y.
12
Let y(n) = n + 12. Suppose 0 = b + 3*j - 49, 4*b + 0*j - 2*j - 224 = 0. Suppose 0 = -3*a + b - 10. What is the remainder when a is divided by y(-6)?
3
Suppose -118*r - 70 = -120*r. Calculate the remainder when 41 is divided by r.
6
Let r(w) = w + 29. Let d(f) = -f - 30. Let y(m) = 5*d(m) + 6*r(m). What is the remainder when 71 is divided by y(-5)?
14
Suppose 2*i + 2*z - 12 = 6, 3*i = z + 31. Calculate the remainder when 19 is divided by i.
9
Suppose 27*x - 16*x = 473. What is the remainder when 343 is divided by x?
42
Suppose -3*z + 11 = -2*z. Suppose 0*r + 2*r = 0. Suppose r = 2*f + z - 39. Calculate the remainder when 39 is divided by f.
11
Suppose 3*f = -3*m + 33, -m + 23 = -0*f + 5*f. What is the remainder when 454 is divided by m?
6
Suppose 9*c - 8*c = 0. Suppose -15*r + 16*r - 43 = c. What is the remainder when 126 is divided by r?
40
Suppose -j = -4*p + 106, -5*p + 114 + 29 = 4*j. Let r = -5 - p. Calculate the remainder when 9 is divided by r/(-4) + -4 + 2.
3
Let h = 14 + -24. Let t = -2 - h. Calculate the remainder when 15 is divided by t.
7
Let b = -2 + 7. Suppose -b*j + 38 = 3*p - 32, -35 = -3*p + 2*j. What is the remainder when 19 is divided by ((-6)/p)/((-4)/40)?
3
Let q(n) = n**2 + 6*n - 1. Let m be q(-10). Let z = m - 26. Suppose -219 = -4*x - 3*w, 3*x = -0*w + 3*w + 138. What is the remainder when x is divided by z?
12
Let v = -1 - -17. Let f(w) = 6*w**2 + 76*w**3 - 4*w + w + 7 - 75*w**3. Calculate the remainder when f(-5) is divided by v.
15
Let s = 84 - 12. Let k = -40 + s. Let w(c) = 2*c**2 + 2*c - 1. Calculate the remainder when k is divided by w(-3).
10
Let h(n) = -52*n - 243. Calculate the remainder when h(-8) is divided by 25.
23
Let l(c) = c**2 + 5*c + 9. Let h = 56 - 63. Let y = -10 + 18. What is the remainder when l(h) is divided by y?
7
Let x(k) = 6*k + 1. Suppose 81 = 2*f + f. What is the remainder when 303/f + 4/(-18) is divided by x(1)?
4
Let g = 19 - 14. Suppose 109 + 46 = g*c. Calculate the remainder when c is divided by 16.
15
Calculate the remainder when 138 is divided by ((-3)/(-2))/(63/294).
5
Let t be -1*7/(1*1/(-107)). Calculate the remainder when t/21 - (-6)/(-9) is divided by 19.
16
Let v be (7 + 3 + -6)*1. Suppose 3*z = 0, v*d + 4*z + 129 = 549. What is the remainder when d is divided by 28?
21
Suppose -82*t + 77*t = -105. Let l(h) = 21*h - 3. Calculate the remainder when l(3) is divided by t.
18
Suppose 16 + 2 = u. What is the remainder when 5/(20/144) + 16/(-4) is divided by u?
14
Suppose z - 3 = -4*m - 2, -4*z - 3*m + 17 = 0. Suppose 6 = 3*x - 51. What is the remainder when x is divided by z?
4
Calculate the remainder when (2091/(-82))/(2/(-4)) is divided by 27.
24
Let q(i) = -4*i**2 - 2. Let p be q(-6). Let t = p + 232. Let r = 123 - t. Calculate the remainder when r is divided by 19.
18
Suppose 0 = -11*d + 131 + 100. Calculate the remainder when 71 is divided by d.
8
Let g(y) = -2*y + 53. Let i(o) = 5*o - 5. What is the remainder when i(7) is divided by g(18)?
13
What is the remainder when 213 is divided by ((-8 + 3)/15)/(1/(-129))?
41
Suppose -136 = -p - 3*p + 4*t, t = 1. Let l = -5628 - -5730. Calculate the remainder when l is divided by p.
32
Let p = -12 - -19. Suppose -5 = -6*c + p. Suppose c*b = 16 - 14. Calculate the remainder when 2 is divided by b.
0
Suppose -3*r - 4*y + 4 = 0, -3*r = -y + 4*y. What is the remainder when ((-46)/(-6))/(r/(-12)) is divided by 6?
5
Let v = 4002 - 1714. Let i = -1333 + v. What is the remainder when 2/(-7) - i/(-35) is divided by 14?
13
Let g(j) = 3 + 0*j - j**3 + 11*j**2 - j + 8 + 2. Let c be g(11). Calculate the remainder when 37 is divided by c + 4/(12/33).
11
Suppose 2*a - 2*l - 3 = 15, 0 = 2*a + 2*l - 6. Calculate the remainder when 71 is divided by a.
5
Let c(z) = 3*z**2 - 8*z - 12. Let s be c(-4). Let a = -54 + s. What is the remainder when 26 is divided by a?
12
Let x(t) = -20*t - 28. Calculate the remainder when x(-9) is divided by 11.
9
Let h = -30 - -65. Calculate the remainder when 69 is divided by h.
34
Let v(u) = -2*u + 88. Calculate the remainder when 278 is divided by v(16).
54
Let m(f) = f**3 - 18*f**2 + 20*f - 31. What is the remainder when 32 is divided by m(17)?
12
Suppose -7*v = -3*v + 208. Let x be 4/26 + (-616)/v. Let d = 5 + x. Calculate the remainder when d is divided by 9.
8
Let c(d) = -14*d**3 + 3*d**2 + 4*d + 2. Let f be c(-1). Suppose f*m - 27 = 48. What is the remainder when 4/6 + (-134)/(-6) is divided by m?
3
Suppose 0 = 6*d - 3*d - 15. Suppose -2*j + 15 = -o - 8, -d = -5*o. Calculate the remainder when 130 is divided by j.
10
Suppose -196*n - 210 = -201*n. What is the remainder when 71 is divided by n?
29
Let x = -19 + 202. What is the remainder when x is divided by 19?
12
Let d = 8 + -9. Calculate the remainder when 1 - 4 - d*121 is divided by 30.
28
Let l = 40 + -18. Let v(z) = 10 + 22*z - 44*z + 23*z. What is the remainder when l is divided by v(-4)?
4
Suppose -3 = 3*d, 14 = -2*a - 2*d + 94. Let m(u) = -10*u + 30. Calculate the remainder when m(-9) is divided by a.
38
Let r(f) = -28*f - 4. Calculate the remainder when r(-1) is divided by 5.
4
Suppose 2*f - 397 = -3*q, 3*q - 117 - 275 = -f. Let m = q - 15. Calculate the remainder when m is divided by 23.
22
Suppose 20 = 3*v + 2*j - 14, -3*j - 17 = -4*v. What is the remainder when 982 is divided by v?
6
Let u(m) = m**2 + 10*m. Let g be u(-10). Suppose g = -s + 1 + 3. Suppose h - 4*n = 15, 7*n = 3*h + 2*n - 38. What is the remainder when h is divided by s?
3
Let s = 1422 - 1332. What is the remainder when 718 is divided by s?
88
Let u = 102 + -76. Suppose 0*w + 140 = 4*w + 4*o, -u = -w - 4*o. Calculate the remainder when w is divided by 12.
2
Suppose -158*n + 155*n + 84 = 0. What is the remainder when 499 is divided by n?
23
Let v(x) = 2*x + 4. Let n(p) = -p. Let c(u) = 12*n(u) + 3*v(u). Let k be c(-5). Suppose 0 = j - 4*j + k. Calculate the remainder when 68 is divided by j.
12
Let f(r) = -r + 11. Let g be f(3). Suppose g*u - 61 - 3 = 0. Calculate the remainder when 61 is divided by u.
5
Calculate the remainder when 31 is divided by (9/3 + -4)/((-1)/21).
10
Suppose 0 = 3*b - 321 - 6. Suppose 2*f - b = -3*p, 5*p + 69 = -5*f + 344. Calculate the remainder when 278 is divided by f.
54
Suppose -39*w = -38*w + 8. Calculate the remainder when 63 + -1 + 8 + w is divided by 22.
18
Let v be 10 - 3/(6/8). Suppose v*n - 7*n + 70 = 0. What is the remainder when n is divided by 24?
22
Suppose 0 = w - 4*m - 73, -158 - 112 = -5*w + m. Let h be 2/(-10)*2*(-15 + 345). What is the remainder when w is divided by ((h/8)/3)/(3/(-6))?
9
Let a(q) = q**3 + 37*q**2 + 71*q + 57. Let k = 285 - 200. Calculate the remainder when k is divided by a(-35).
19
Suppose -92 = -k - 4*g, 0 = k + 4*k - 2*g - 460. Let j be 3/(-3 + k/30). Suppose 0 = 4*y + y - j. What is the remainder when y is divided by 3?
0
Suppose -3*g + 63 = -12. Let z(s) = 19*s - 16. Suppose -1 - 17 = -3*l. What is the remainder when z(l) is divided by g?
23
Let f = 2 + 5. Let g(z) = 4*z - 1. Let d be g(1). Suppose -3*y = y - 2*v - 48, 29 = d*y + 2*v. What is the remainder when y is divided by f?
4
Calculate the remainder when 2/(-11) - -4602*(-10)/(-220) is divided by 20.
9
Calculate the remainder when (1184/(-222))/(4/(-318)) is divided by 61.
58
Let g = -735 - -764. What is the remainder when 84 is divided by g?
26
Let p = 42 - 213. What is the remainder when p*((-4)/3)/4 is divided by 30?
27
Let w(f) = 2*f**3 - 20*f**2 - 18*f - 10. What is the remainder when 235 is divided by w(11)?
31
Suppose -53*m + 49*m = 4*f - 72, -f + 21 = 4*m. Calculate the remainder when 252 is divided by f.
14
Let p(o) = -o + 62. Calculate the remainder when p(-13) is divided by 13.
10
Let g(n) = n**3 + 8*n**2 + 6*n - 3. Let u be g(-7). What is the remainder when 356/8 + 2/u is divided by 12?
9
Let g(t) = t**3 + 3*t**2 + 2*t. Let i be g(-1). Suppose -10*v + 17*v - 826 = i. What is the remainder when v is divided by 30?
28
Let r be 3*1 - (-20 + -43). Let q = r - 37. What is the remainder when 56 is divided by q?
27
Let n(j) = -j + 37. Calculate the remainder when 371 is divided by n(20).
14